+ 70*w. List the prime factors of w.
67, 241
List the prime factors of ((-2)/(-6))/((-23)/(-29325)).
5, 17
Suppose 8*d - 243 = -19*d. Let z(i) = 5*i**2 + 18*i - 64. List the prime factors of z(d).
503
Let f(b) = 143*b - 479. What are the prime factors of f(47)?
2, 3121
Suppose -a - 2*f = -0*f - 4594, -f = -2*a + 9213. What are the prime factors of a?
2, 1151
Let h be -2 + 42/((-36)/(-6)). Suppose -2*n + h*s + 2645 = 3*n, -n + 2*s = -532. What are the prime factors of n?
2, 263
Suppose 0*v - 3*c = -v + 154, -4*v - 4*c + 552 = 0. Let l(n) = -n**3 - 6*n**2 - 17*n - 76. Let h be l(-5). Let w = h + v. What are the prime factors of w?
2, 3, 7
Let p be -3 + -1986 + -4 - (-12)/3. What are the prime factors of (656/6)/(-1)*p/156?
2, 17, 41
Suppose -4*m + m + 12 = 0, 0 = -5*w + 5*m - 10. Suppose -w*z = 3*p - 19, 0*p + 22 = 2*p - z. Suppose h - p*h = -832. What are the prime factors of h?
2, 13
Suppose -102*v + 60*v = -63*v + 105672. What are the prime factors of v?
2, 17, 37
Let y = -22 - -35. Let d be 1/1*39/y. Suppose 0 = -3*z - 2*t + 278, 2*z = -2*t - d*t + 178. List the prime factors of z.
2, 47
Let r = 12395 - 1099. What are the prime factors of r?
2, 353
Suppose -28098 = 92*t - 113*t + 20538. What are the prime factors of t?
2, 3, 193
Let b(q) = -3*q + 9. Suppose -3*w - 12*w - 105 = 0. Let z be b(w). List the prime factors of z/4*(-4 - (-48)/9).
2, 5
Let s be (-48)/(-20)*20/6. Suppose -4*c = s, -2*h + 0*c = -5*c - 144. What are the prime factors of 9/(-6) + h*3/6?
2
Let y(o) = 2*o**2 + 5*o + 15. Let g be y(-36). Suppose 2157 = 8*d - g. List the prime factors of d.
3, 191
List the prime factors of (-5)/((-10)/(-84))*(-68086)/236.
3, 7, 577
Let q be (654/9)/((-9)/(1134/(-4))). Suppose -3*h - l + 2307 = 0, 7*h - q = 4*h + 5*l. List the prime factors of h.
2, 3
Let c(r) = 2833*r + 1678. What are the prime factors of c(15)?
163, 271
Suppose -290*c = -252*c - 114. Let l(f) = f + 282. Let n be l(0). Suppose -i - n = -c*i. What are the prime factors of i?
3, 47
Let k(o) = o + 6032. List the prime factors of k(136).
2, 3, 257
Let l be ((-6)/(-4))/(21/(-2716)). Let b = -110 - l. Suppose -h = d + 23 - b, -3*d - 297 = -5*h. What are the prime factors of h?
2, 3, 5
Let h = 1404 - 2998. Let y = h - -2301. List the prime factors of y.
7, 101
List the prime factors of (-20)/15 - (-2087000)/150.
2, 37, 47
Let i = -1364 + 1370. Let s(g) = 11*g**3 - 3*g**2 + 2. Let a be s(2). Suppose -i*u = -9*u + a. List the prime factors of u.
2, 13
Suppose 3*f + 9 = -5*d + 2*d, 0 = -5*d - 2*f - 6. Let n be 4*(d + -4)/(-4). Suppose 0 = 3*s + n*o - 61 - 91, -4*s + 204 = 4*o. What are the prime factors of s?
2, 13
Suppose 2*p = 3*h - 9031, 4*h - 212*p + 207*p = 12053. What are the prime factors of h?
31, 97
Suppose 48*g - 99*g + 45*g + 419154 = 0. What are the prime factors of g?
69859
Let n(i) = 9*i + 43. Let s be -15*10/18*-3. List the prime factors of n(s).
2, 67
Suppose 8*v = 13*v - 65. Suppose 3059 + 22 = v*j. What are the prime factors of j?
3, 79
Let g = 112 + -105. Suppose 0 = -3*y - 4*i - g + 2, -4*y - 3*i + 5 = 0. Suppose -y*j = -868 + 113. List the prime factors of j.
151
Let j = 29408 + -5586. List the prime factors of j.
2, 43, 277
Suppose -10*r + 117227 = 8607. List the prime factors of r.
2, 5431
Suppose -16 - 12 = 2*s + 5*l, 0 = -3*s - 5*l - 32. Let g(p) = -116*p - 82. List the prime factors of g(s).
2, 191
Let d = 1353 - 518. Let s = d + -558. List the prime factors of s.
277
Let v = 177 - 184. List the prime factors of (1 - 0)/(-8*v/1736).
31
Let c(o) = o**3 + 35*o**2 + 5*o + 148. Let s be c(-35). List the prime factors of (-1384)/(-2) + (-25 - s).
2, 347
Let q(u) be the second derivative of -101*u**3/6 - 129*u**2 + u - 61. What are the prime factors of q(-10)?
2, 47
Let n(h) = -h - 17. Let t be n(-8). Let i be 1/t + (-1595)/(-261). Suppose 0 = i*k - k - 140. List the prime factors of k.
2, 7
Let x(v) = -15*v + 48. Suppose -39 = 3*p + 54. What are the prime factors of x(p)?
3, 19
Let m(j) = 6*j**2 - 16*j - 95. Suppose 46*z - 400 = 21*z. List the prime factors of m(z).
3, 5, 79
Suppose 8*f = 4*f + 3*o + 143, -5*f = -4*o - 180. Suppose -5192 = f*q - 40*q. List the prime factors of q.
11, 59
Let b be 5 + (0 - 0 - 3) - -45609. What are the prime factors of b/119 - (-5)/((-105)/6)?
383
Let t(w) = -3*w - 22. Let b = -26 - -19. Let d be t(b). List the prime factors of ((-108)/15)/(2/10*d).
2, 3
Let f = 37100 + -656. What are the prime factors of f?
2, 3, 3037
Let i(d) = -1783*d**3 + 3*d**2 + 19*d + 34. List the prime factors of i(-2).
2, 223
Suppose 4*t - 3550 = -3*y - 417, -2*y + 3925 = 5*t. List the prime factors of 0 - (-12)/(-3)*t/(-4).
787
Let v(j) be the second derivative of -j**5/20 - j**4 - 3*j**3/2 + 6*j**2 + 6*j. Let g be v(-11). List the prime factors of (38/g)/(5/(-25)).
19
Let x = -79 - -153. Suppose 0 = -x*r + 67*r + 1519. List the prime factors of r.
7, 31
Suppose 3*l - 17 = n, 2*l + l = -5*n + 5. Suppose -l*r + 2915 - 1050 = 0. What are the prime factors of r?
373
Let c be -4*3/12*187. Suppose 116 = -k - 0. Let w = k - c. What are the prime factors of w?
71
Suppose 0 = -18*v + 17*s - 18*s + 424027, s = 3*v - 70670. List the prime factors of v.
23557
Suppose -1 - 7 = 4*h, -6*h + 21204 = 4*x. Suppose 5*s = -u + 3*u - 2127, -5*u = s - x. What are the prime factors of u?
1061
Let o = 33 + -2. Let y = 56 + o. Let f = y + -2. List the prime factors of f.
5, 17
What are the prime factors of 31458/8 + 21/(-84)?
2, 983
Suppose -4*i = 5*n - 2268, 15*n - 17*n = -4*i + 2268. What are the prime factors of i?
3, 7
Suppose 5*a - 85 + 35 = 0. Suppose 0 = -3*l - q + 1, 0 = 3*q - 8*q - a. Let n(r) = 85*r**2 + 2*r - 1. List the prime factors of n(l).
2, 43
Suppose -476 = 5*p + 2*p. Let j = -72 - p. What are the prime factors of (2 + 74 - 2) + j + 6?
2, 19
Let r = -60 - -54. Let n = 0 - r. Suppose 0 = -n*q + 281 + 73. List the prime factors of q.
59
Suppose -4*k - 5*o + 430 = 0, 2*k + 5*o = 196 + 24. Let j be (-532)/4*5/(k/18). Let c = j - -193. What are the prime factors of c?
79
Let t = 127595 + -78574. What are the prime factors of t?
7, 47, 149
Let o = -728 - -752. List the prime factors of (1476/(-48) - 9)/((-2)/o).
3, 53
What are the prime factors of 4*(-3 + 375590/(-40))*-2?
2, 37571
Suppose 34*x = 33*x + 458. Suppose 4*i - 4*b - 1880 = 0, 2*i - i + 2*b = x. List the prime factors of i.
2, 233
Suppose -3*h + 3*a + 21279 = 0, 95*a - 96*a = 5*h - 35489. What are the prime factors of h?
47, 151
Suppose 5*r + 114 = d - 0*r, 2*r - 121 = -d. Let l = -90 + d. Suppose 32*j = l*j + 21. List the prime factors of j.
7
Let o(t) = -2*t**3 - 9*t**2 - 11*t + 32. Let h be o(10). Let r = -1687 - h. List the prime factors of r.
1291
Suppose 28*c = 31*c - 5*t - 57520, -95824 = -5*c + 3*t. What are the prime factors of c?
2, 5, 479
Suppose 68*n - 473252 = -35*n + 27*n. What are the prime factors of n?
13, 479
Let o(z) = 202 + 10 - 13*z + 149 + 11*z. List the prime factors of o(0).
19
Suppose -2*n + 3*n - 3*f = 0, 5*n = -3*f. Suppose 136*m - 125*m - 9196 = n. List the prime factors of m.
2, 11, 19
Suppose -j + 4 = v - 2*v, 2*j + 8 = -2*v. Let o be (-2)/(j + 2)*-433. Suppose -5*w + 472 + o = 0. What are the prime factors of w?
181
Let k be 6/2 - (-12)/6. Suppose d = 8*y - 5*y - 2329, -k*y + 3870 = -4*d. List the prime factors of y.
2, 389
Suppose -2*x - 4*n - 3138 = -40580, -3*x + 4*n = -56093. What are the prime factors of x?
13, 1439
Let x(y) = 14099*y**3 + 45*y - 44. What are the prime factors of x(1)?
2, 3, 5, 47
Let a(d) = -3*d - 2*d**2 + 4*d + 3*d**3 - 3*d - 1 + 8. Let s(p) = -p**2 + 10*p + 4. Let o be s(10). List the prime factors of a(o).
3, 53
Suppose 32515 = 2*v - 2*z - 1275, 5*v - 84502 = -4*z. What are the prime factors of v?
2, 7, 17, 71
Suppose -8 + 9 = -p. List the prime factors of (778/(-8))/(p/16) - -1.
3, 173
Suppose 2*y = -3*h - 56327 + 145779, 223555 = 5*y - 5*h. What are the prime factors of y?
97, 461
Suppose -5*v + 73392 = -3*g, 0*v - 44035 = -3*v + 2*g. List the prime factors of v.
3, 7, 233
Suppose -5*q + 2*t = -65, 4*q + 4*t - 52 = 3*t. Suppose -2*s + 4 = -4*l - 6, s + 2*l = q. What are the prime factors of s?
3
Let z(k) = 23*k**2 + 6*k - 7. Let f = 29 + -26. List the prime factors of z(f).
2, 109
Let t = 34 + -32. Let s be (6/9)/(t/18*-3). What are the prime 